-l(p) - 2*m(p). Determine r(c).
17
Let g(x) = -3*x + 3*x + 6*x + x + 389 - 551. Determine g(20).
-22
Suppose -848*a + 878*a - 113 = -23. Let g(o) = 32*o - 98. Calculate g(a).
-2
Let d(u) = -u**3 - 7*u**2 - 10*u - 15. Let n(k) be the second derivative of k**5/10 + 25*k**4/12 + 2*k**3 - 3*k**2 + 2*k + 7. Let a be n(-12). Give d(a).
9
Let g(d) = -3*d + 39. Let s be g(12). Let m(o) = o + 14. Let y be m(-7). Let v(a) = -189*a + 4 + y*a**2 + 180*a + a**s - 2*a**3 + 1. What is v(6)?
-13
Let t(l) = -l**3 + 5*l**2 - 3*l - 1. Suppose -4*y + 79 = n, 4*y = 4*n + y - 278. Suppose -n = -5*c - 1. Suppose -c*o + 19*o = 15. Give t(o).
8
Let r(l) = l**3 - 15*l**2 + 13*l + 10. Suppose 55 - 7 = 4*v. Suppose -v*o + 15*o = 42. Determine r(o).
-4
Let f(q) = -14*q - 23. Let t(h) = 6*h - 23. Let o be t(3). Let z(u) = 9*u + 16. Let c(s) = o*f(s) - 8*z(s). Calculate c(-10).
7
Let u be (1 - 1)/(-20 - -22). Let i(s) be the third derivative of u + 0*s - 17*s**2 - 1/6*s**3 + 1/8*s**4 + 1/60*s**5. Determine i(2).
9
Let n(w) be the second derivative of 17*w**3/6 - 12*w**2 - 7*w - 6. Determine n(1).
-7
Let g(m) = m**3 + 2*m**2 - 3*m - 3. Let u be (-3)/2*336/28. Let n be (u - -20)/(-2 + 1). Give g(n).
3
Let j be (-840)/(-108) - 2/(-9). Suppose -2*m = -5*u + 18, -2*u + 5*u = -5*m + 17. Let n be (-1*u/(j/14))/(-1). Let s(g) = g - 16. Give s(n).
-9
Let w(q) = 4 - q**2 - 3*q**2 + 3*q**2 + 4*q. Let d = 412 + -376. Suppose 12*g + d*g = 288. Give w(g).
-8
Let k be 10*(-1)/2 - -105. Suppose 20 - k = -10*y. Let z(s) = -s**2 + 4*s + 10. Determine z(y).
-22
Suppose -65*k = -66*k + 2. Suppose -4*l = -4*z - 196, 2*l + 15 - 101 = -k*z. Let w = 50 - l. Let x(o) = o - 3. Give x(w).
1
Let s(w) be the first derivative of 5/3*w**3 - 1/4*w**4 + 5*w + 54 - w**2. What is s(5)?
-5
Let b(n) = -n**2 - 8*n. Let z = 48 - 106. Suppose -5*o = -6*o - 2*l + 45, -2*l + 151 = 3*o. Let v = o + z. Give b(v).
15
Let k(h) = h**2 + 7*h + 6. Let b be k(-4). Let n(v) be the first derivative of -v**3/3 - 5*v**2/2 + 8*v - 762. Calculate n(b).
2
Let z(v) = v**2 - v. Let l be z(1). Let j(a) = 2*a - a - a**2 + 2 + 3*a**2 + l*a. Let c(y) = -6*y**2 - 2*y - 6. Let d(b) = -2*c(b) - 7*j(b). Give d(-2).
-4
Let u(d) = -12*d**2 + 13*d - 15. Let f(n) = -13*n**2 - 2. Let h(v) = -f(v) + u(v). Determine h(-6).
-55
Let s(h) = 12*h**2 + 47*h - 2. Let p be s(-4). Let a(q) be the third derivative of 0 - 9*q**p - 1/6*q**3 + 1/12*q**4 + 0*q - 1/60*q**5. Calculate a(2).
-1
Let v(k) = -25*k**2 + 1. Let m be (24/(-9) + 2)*216/48. Let r be (26/(-78))/((-1)/m). Calculate v(r).
-24
Let l(t) be the first derivative of -t**2/2 - 5*t + 2. Suppose 8*p + y = -55, y - 36 = -894*p + 899*p. Give l(p).
2
Let t(y) = -y**2 - 32*y - 65. Let g(b) = b**3 - 16*b**2 - 20*b + 21. Let d be g(17). Let u be t(d). Let i(q) = -q - 1. Give i(u).
4
Suppose 2*n - 188 + 172 = 0. Let z(s) = -8 + 10 + 4*s - n. Give z(3).
6
Let d(l) = 4*l**2 - 11*l - 9. Let g(x) = x**2 - 2*x + 2. Let m(k) = d(k) - 5*g(k). Calculate m(0).
-19
Let o(a) = 4*a + 21. Suppose 5*k - 11 = -4*w + 89, 0 = -w + 5*k + 25. Suppose -w = 17*z - 12*z. Give o(z).
1
Let s be 150/(-5)*7/(-14). Let i(f) = f - 20. Let o be i(s). Let y(r) = -r**2 - 7*r - 1. Calculate y(o).
9
Let w(n) = 7*n**2 + n**3 - n + 17 - 2*n**3 - 8. Suppose f = s + 7, 2*s + s + 25 = 5*f. Let i be f*(3 - (-7)/(-2))*-7. Give w(i).
2
Let c(q) = -2*q**2 + 81*q + 46. Let u be c(41). Let m(v) = -13*v**2 + u*v - 1 - 4 + 30*v**2 - 18*v**2. Give m(5).
-5
Let a = 102 - 100. Let u(s) = -4 + a*s - s - 3*s + 0*s. Determine u(-2).
0
Let y(c) = -3*c + 9. Suppose 214 - 667 = -151*m. Give y(m).
0
Let f(y) = y**2 - 18*y + 83. Suppose -10*o = r - 118, -220*r = -2*o - 221*r + 30. What is f(o)?
6
Let f(i) = 31*i + 17*i**2 + i**3 + 29 + 21 - 89 + 17 + 34. What is f(-15)?
-3
Let w(x) = -5*x + 17. Suppose -17*k = 9*k + 26*k + 312. What is w(k)?
47
Suppose -137 + 139 = 2*a. Let j be (a - (-4 + 5)) + 3. Let u(f) = 3*f**2 - 2*f + 1. What is u(j)?
22
Let q(u) = -2*u + 102. Let f(v) = -8. Let b(s) = -12*f(s) - q(s). What is b(4)?
2
Let l(h) be the third derivative of h**4/24 + h**3/2 + 88*h**2 - h + 2. Let a be 2/3 - (-10)/3. Let b(k) = -k**2 + 5*k - 4. Let i be b(a). What is l(i)?
3
Suppose -y + 11 + 23 = -2*k, 0 = -2*y + 2*k + 64. Suppose b - 4*b = -3*i - y, -11 = 2*i + b. Let z(n) = -n**3 - 6*n**2 + 5*n + 3. Calculate z(i).
17
Let z(y) = 3 + 4 - 4 + 3*y. Let k be ((-7 - 1)/(-8))/1*117. Let t be k/156 - (138/8)/3. What is z(t)?
-12
Let f = -1827 + 1819. Let d(u) = -9*u - 48. Determine d(f).
24
Let r(h) = 4*h**2 - 5*h + 14. Let i(g) = 3*g**2 - 6*g + 14. Let n(a) = 3*i(a) - 2*r(a). Give n(10).
34
Let x be ((-3)/9)/(3/(-27)). Suppose 4*m + 65 - 181 = 0. Let w(b) = -b**2 - m + 10 + 16 + 2*b. Calculate w(x).
-6
Let x(r) be the third derivative of -5*r**4/4 + 7*r**3/6 + 375*r**2. Determine x(2).
-53
Let r = -265 + 268. Let f(q) = 1 + 4*q + q**3 - 11*q**r - 5*q + 4*q**3 + 5*q**3. Suppose 0 = -c - 3*h - 6, 4*h - h + 6 = 0. Calculate f(c).
1
Let m(b) = -b - 1. Let r(s) = -24*s + 90. Let f(h) = 5*h - 18. Let a = 112 - 109. Let y(w) = a*r(w) + 14*f(w). Let u be y(11). What is m(u)?
3
Let s(o) be the third derivative of -o**6/120 + o**5/60 - o**4/24 - 8*o**2. Suppose 6 - 16 = -5*q. Determine s(q).
-6
Let t be (-4)/12*(-2 + (-3 - -5)). Suppose -4 = -4*h + 4*o - 12, t = 5*h - o + 10. Let p(k) = -k**2 - k - 1. Calculate p(h).
-3
Let n(i) be the first derivative of 7*i**2/2 + 322*i - 2511. Determine n(-46).
0
Let j(n) be the second derivative of -n**5/20 - n**4/6 + 2*n**3/3 + 3*n**2 + 3*n + 218. Calculate j(-3).
3
Let b(t) = -17*t - 3. Let g(u) = -100*u + 342. Let w(l) = 4*b(l) - g(l). Give w(11).
-2
Suppose 19*c = -12*c + 55*c + 96. Let n(l) = 22*l + 9. Calculate n(c).
-79
Suppose 7168 = -199*k - 57*k. Let t(f) = -6*f - 142. Determine t(k).
26
Let t(j) = -j**3 - 5*j**2 - 6*j - 1. Suppose 959 = 5*z + 4*f, -3*z + 505 = 2*f - 72. Let c be (-2)/3 - 650/z. What is t(c)?
7
Let m(f) = -f**3 - 5*f**2. Let b(k) = 3*k**3 + 6*k**2 + 1. Let i(q) = b(q) + 2*m(q). Determine i(3).
-8
Let n(h) = 3*h - 11*h + 273 - 136 - 137. Determine n(5).
-40
Suppose -20*t - 18371 + 48731 = 0. Let o(j) = 8 - t*j + j**2 - 1529*j + 3055*j. Give o(-8).
8
Let o(v) = -v**2 + 2*v + 1. Suppose -b + 21 = -r + 1, -b = 3*r. Suppose -19*n + b*n = -12. Suppose -2*x - 10 = -2*k, -3*x + 6 = k + n*k. Give o(x).
-7
Let x(j) = 3*j + 39. Let y be x(-3). Suppose 12*l = -y - 18. Let p(s) = -2*s - 5. Calculate p(l).
3
Let c(w) = w**3 - 24*w**2 - w - 6. Let i(s) = -29*s**3 - 16*s**2 - 19*s - 8. Let m be i(-1). Give c(m).
-30
Let k(r) be the first derivative of -r**2/2 + 5*r - 1. Let j = 524 - 533. Let z be j - ((-24 - -3) + 4). What is k(z)?
-3
Let l(b) = -9*b - 2. Let k(w) = -13*w. Let h(v) = -3*k(v) + 4*l(v). What is h(6)?
10
Suppose 0 = n - 9 + 8, -3*r - 5*n - 19 = 0. Let w(f) = -53*f - 425. Let c be w(r). Let t(m) = 30*m**3 - 2*m**2 - m. Determine t(c).
-31
Suppose -3*z = -5*r + 396 - 404, -3*z + 26 = 4*r. Let m(g) = -8*g + 5. Give m(z).
-43
Let h(i) = i**2 + 30*i + 12. Let d = 9900 + -9930. Determine h(d).
12
Let k(u) = 0*u**3 + 325*u**2 - u**3 - 669*u**2 + 312*u**2 - u - 15. What is k(-32)?
17
Suppose 2*l - 7*l - 10 = 0, 0 = -f - 4*l + 3. Let r be (-13 + f - 8/(-6))*-3. Let u(x) = r*x**2 - 2*x - 3*x**2 - 5*x + 2*x**2. What is u(8)?
8
Let u(p) be the second derivative of -p**5/20 - 7*p**4/12 - 4*p**3/3 + 9*p**2 + 547*p + 3. What is u(-5)?
8
Let q(j) = -3*j + 17. Suppose -2*h = -2*y + 4, -8*y + 2*h + 10 = -4*y. Give q(y).
8
Let u(r) = r**2 - 25*r + 34. Let v be (495/(-9))/(-11) + 19. What is u(v)?
10
Let i(t) = -t**2 - 5*t + 12. Let h(g) = 12*g**2 + 13*g - 28. Let u(c) = 2*c**2 + c - 1. Let y(k) = -h(k) + 5*u(k). Let w(l) = 11*i(l) - 6*y(l). Give w(5).
-16
Let o(r) be the second derivative of -2*r**3 + 5*r**2/2 - 52*r. Let h be o(0). Let s(u) = -u**3 + 5*u**2 - u + 2. Determine s(h).
-3
Suppose 6*h - 30 = 8*h. Let l = h + 17. Let m(c) = c**3 + 3 + 11*c**2 - 2*c**2 + c**2 + 9*c - 2*c**l. Determine m(-6).
21
Suppose -4*b + 7*v - 3*v - 1556 = 0, 0 = 2*b + 4*v + 784. Let q = -388 - b. Let r(m) = -2*m + 1 + 7*m - 3*m + 2*m**2. Calculate r(q).
13
Let a(p) be the first derivative of -2 - 1/3*p**3 - 1/4*p**4 + 9*p + 1/2*p**2. Let u(v) = -94*v**2 + 658*v. Let t be u(7). Calculate a(t).
9
Let o(t) = 9*t**2 - 6*t**2 - 2*t**2 + 7*t + 4